{"id":736,"date":"2014-07-09T11:57:04","date_gmt":"2014-07-09T15:57:04","guid":{"rendered":"http:\/\/www.pcoschallenge.org\/symposium\/?page_id=736"},"modified":"2015-08-30T16:52:23","modified_gmt":"2015-08-30T15:52:23","slug":"panoramica-eventi","status":"publish","type":"page","link":"http:\/\/pcoschallenge.org\/simposio\/siracusa\/panoramica-eventi\/","title":{"rendered":"Panoramica Eventi"},"content":{"rendered":"<h3>Obiettivi del Simposio PCOS<\/h3>\n<p><img decoding=\"async\" src=\"https:\/\/www.pcoschallenge.org\/symposium\/wp-content\/uploads\/2014\/09\/pcos-awareness-symposium-2014.jpg\" alt=\"PCOS Awareness Symposium\" \/><br \/>\nQuesto importante evento ha lo scopo di aiutare le donne e le ragazze affette da Sindrome dell\u2019Ovaio Policistico (PCOS) a imparare a gestire la loro salute, scoprire le strategie e le possibilit\u00e0 di come affrontare e combattere i sintomi di questo disordine e al tempo stesso ridurre i rischi e le conseguenze di possibili malattie future come il cancro, il diabete e le malattie cardiovascolari. La PCOS \u00e8 una delle condizioni pi\u00f9 critiche, spesso sotto-diagnosticata e non supportata dal punto di vista economico, che interferiscono con la salute delle donne. L&#8217;evento avr\u00e0 anche lo scopo di contribuire ad aumentare la consapevolezza e migliorare le conoscenze sulla PCOS dei professionisti medici, delle donne e ragazze colpite dalla sindrome e della popolazione generale.<\/p>\n<h3>Destinatari<\/h3>\n<p>PCOS Awareness Simposio \u2013 Siracusa riunir\u00e0 medici, ricercatori, le donne con sindrome dell\u2019ovaio policistico ed i loro sostenitori per una giornata di condivisione di esperienze, intuizioni e gli ultimi aggiornamenti circa PCOS.<\/p>\n<div style=\"margin-bottom:50px\">\n<h3>Argomenti trattati<\/h3>\n<div class=\"bullets\" id=\"sc_bullets_1\"><\/p>\n<ul>\n<li><strong>PCOS sensibilizzazione e advocacy<\/strong> &mdash; Questa sessione parla brevemente degli obiettivi della manifestazione e della visione della PCOS Challenge PCOS Awareness.\n<p><\/p<\/li>\n<li><strong>Capire la PCOS e la sua diagnosi<\/strong> &mdash; Questa sessione fornir\u00e0 una panoramica della sindrome dell&#8217;ovaio policistico (PCOS) e della sua diagnosi. Inoltre affronter\u00e0 i problemi collegati alla diagnosi ed alla cura.\n<p><\/p<\/li>\n<li><strong>Lifestyle Management di PCOS: alimentazione, esercizio fisico<\/strong> &mdash; Questa sessione riguarda l&#8217;alimentazione e lo stile di vita che devono avere le donne e le ragazze affette da sindrome dell&#8217;ovaio policistico.\n<p><\/p<\/li>\n<li><strong>Migliorare la fertilit\u00e0 nelle donne con PCOS<\/strong> &mdash; Questa sessione affronta il problema di come la PCOS puo\u2019 impattare l\u2019ovulazione e la fertilit\u00e0. Inoltre coprir\u00e0 le opzioni per migliorare la fertilit\u00e0.\n<p><\/p>\n<\/li>\n<li><strong>Benessere emozionale di Donne e Ragazze con PCOS<\/strong> &mdash; Questa sessione affronta l&#8217;importanza del benessere mentale ed emozionale delle donne e delle ragazze con sindrome dell&#8217;ovaio policistico e anche i loro sostenitori. Gli argomenti trattati comprenderanno ansia, depressione, sbalzi d&#8217;umore, immagine corporea, autostima ed I vari fattori che possono incidere sulla salute emotiva.<\/li>\n<\/ul>\n<p><\/div><style>#sc_bullets_1 ul li{background-image:url(http:\/\/pcoschallenge.org\/simposio\/siracusa\/wp-content\/themes\/expo18\/img\/icons\/0251.png)}<\/style><\/div>\n","protected":false},"excerpt":{"rendered":"<p>Obiettivi del Simposio PCOS Questo importante evento ha lo scopo di aiutare le donne e&#8230;<\/p>\n","protected":false},"author":1,"featured_media":0,"parent":0,"menu_order":0,"comment_status":"open","ping_status":"open","template":"","meta":[],"_links":{"self":[{"href":"http:\/\/pcoschallenge.org\/simposio\/siracusa\/wp-json\/wp\/v2\/pages\/736"}],"collection":[{"href":"http:\/\/pcoschallenge.org\/simposio\/siracusa\/wp-json\/wp\/v2\/pages"}],"about":[{"href":"http:\/\/pcoschallenge.org\/simposio\/siracusa\/wp-json\/wp\/v2\/types\/page"}],"author":[{"embeddable":true,"href":"http:\/\/pcoschallenge.org\/simposio\/siracusa\/wp-json\/wp\/v2\/users\/1"}],"replies":[{"embeddable":true,"href":"http:\/\/pcoschallenge.org\/simposio\/siracusa\/wp-json\/wp\/v2\/comments?post=736"}],"version-history":[{"count":12,"href":"http:\/\/pcoschallenge.org\/simposio\/siracusa\/wp-json\/wp\/v2\/pages\/736\/revisions"}],"predecessor-version":[{"id":3120,"href":"http:\/\/pcoschallenge.org\/simposio\/siracusa\/wp-json\/wp\/v2\/pages\/736\/revisions\/3120"}],"wp:attachment":[{"href":"http:\/\/pcoschallenge.org\/simposio\/siracusa\/wp-json\/wp\/v2\/media?parent=736"}],"curies":[{"name":"wp","href":"https:\/\/api.w.org\/{rel}","templated":true}]}}